ivisor of 50221 and 321.
1
What is the greatest common factor of 51898828 and 8180?
1636
Calculate the highest common divisor of 426 and 11375762.
142
What is the greatest common divisor of 3616 and 1312?
32
Calculate the highest common divisor of 347214 and 3675.
147
Calculate the highest common divisor of 2211991 and 5945.
41
What is the greatest common divisor of 143 and 4686891?
11
What is the greatest common factor of 626 and 4?
2
Calculate the highest common factor of 181968699 and 231.
33
Calculate the highest common factor of 4032 and 21883344.
336
What is the greatest common factor of 18262935 and 135?
135
What is the greatest common factor of 328 and 10470088?
328
What is the highest common factor of 40 and 311315584?
8
Calculate the greatest common factor of 2635500 and 12516.
84
What is the greatest common divisor of 20798257 and 1835?
367
Calculate the highest common divisor of 857 and 3088.
1
Calculate the greatest common factor of 6479901 and 45.
9
What is the greatest common divisor of 284676 and 8148?
84
Calculate the greatest common factor of 569271916 and 263.
263
Calculate the highest common divisor of 375412623 and 72378.
12063
Calculate the highest common factor of 602 and 5155958.
86
What is the greatest common divisor of 5382 and 1633644?
414
Calculate the greatest common factor of 16 and 299872888.
8
What is the greatest common divisor of 7657 and 81016?
247
What is the greatest common divisor of 10 and 8412598?
2
Calculate the highest common factor of 40 and 13551770.
10
Calculate the greatest common factor of 28353970 and 20.
10
Calculate the greatest common factor of 1165 and 3381820.
5
What is the greatest common divisor of 10850 and 94408020?
2170
What is the highest common factor of 128 and 113152384?
128
Calculate the greatest common divisor of 719464341 and 267.
267
What is the greatest common divisor of 615 and 62301945?
15
Calculate the highest common divisor of 526530 and 43410.
30
Calculate the greatest common divisor of 432 and 21112.
8
Calculate the greatest common factor of 1032 and 40476.
12
Calculate the greatest common divisor of 13049874 and 12.
6
What is the greatest common divisor of 588021 and 194943?
21
Calculate the highest common factor of 22468 and 512664.
164
Calculate the highest common divisor of 7257 and 202311.
177
What is the highest common factor of 2291 and 87569051?
79
Calculate the greatest common factor of 1697535193 and 1082.
541
What is the greatest common factor of 38357440 and 11220?
3740
What is the highest common factor of 240408 and 3042306?
2862
What is the greatest common divisor of 6716 and 63142153?
1679
What is the greatest common factor of 377455 and 14476851?
5807
Calculate the greatest common factor of 903 and 1825565.
301
Calculate the greatest common divisor of 26170701 and 79584.
2487
What is the greatest common divisor of 4911 and 10339292?
1637
Calculate the highest common factor of 786052193 and 6373.
6373
What is the greatest common divisor of 300 and 13883964?
12
Calculate the highest common factor of 105 and 172896535.
35
What is the highest common factor of 3025540 and 196?
28
What is the greatest common factor of 3618 and 6123666?
402
What is the highest common factor of 2940 and 22341585?
105
Calculate the greatest common divisor of 20 and 3030620.
20
Calculate the highest common factor of 35430 and 47610.
30
Calculate the greatest common factor of 6061580 and 9280.
580
Calculate the highest common factor of 518 and 4756839584.
518
Calculate the greatest common divisor of 329 and 33537226.
47
What is the highest common factor of 376392 and 348?
12
Calculate the highest common divisor of 224897341 and 82.
41
What is the greatest common factor of 5424 and 8831176?
904
What is the highest common factor of 19 and 81614424?
19
Calculate the highest common divisor of 2230 and 65297745.
1115
Calculate the highest common factor of 128 and 438867328.
128
Calculate the greatest common factor of 10071387 and 684.
171
Calculate the highest common factor of 258635 and 154583.
299
Calculate the highest common divisor of 117125981 and 12278.
6139
Calculate the greatest common factor of 3344 and 1026.
38
What is the greatest common divisor of 378 and 6251238?
126
What is the greatest common divisor of 212158 and 82438?
94
Calculate the greatest common divisor of 10041378 and 294.
6
What is the greatest common divisor of 1056 and 1409496?
264
What is the greatest common factor of 956356702 and 28?
14
What is the greatest common factor of 44 and 160789428?
4
Calculate the greatest common divisor of 5728 and 456271.
179
Calculate the greatest common factor of 25790436 and 954.
954
Calculate the greatest common divisor of 4060 and 9967706.
406
Calculate the greatest common divisor of 691969 and 222774.
107
Calculate the highest common factor of 3644 and 9061717.
911
What is the greatest common divisor of 1543078 and 808?
202
Calculate the greatest common factor of 11655 and 11004651.
2331
What is the greatest common factor of 20997 and 261531?
9
What is the greatest common divisor of 861866 and 19856?
34
Calculate the highest common divisor of 783112 and 6688.
88
What is the highest common divisor of 20176774 and 18356?
706
What is the greatest common divisor of 174593965 and 35?
35
Calculate the highest common divisor of 23714040 and 11988.
444
Calculate the highest common divisor of 91385440 and 1216.
608
Calculate the greatest common divisor of 234720 and 18640.
80
What is the greatest common factor of 60433 and 1117007?
223
What is the greatest common factor of 8940 and 306?
6
Calculate the highest common factor of 13179 and 4115859.
573
What is the highest common factor of 92964535 and 113?
113
Calculate the highest common divisor of 8217 and 29980863.
99
Calculate the greatest common factor of 146 and 18826846.
146
Calculate the greatest common factor of 694017339 and 2092.
523
Calculate the greatest common divisor of 355731 and 46509.
1257
Calculate the greatest common divisor of 48674978 and 1122.
374
What is the highest common divisor of 1848925 and 1079?
13
Calculate the highest common factor of 170 and 177909590.
170
What is the greatest common divisor of 24661710 and 405?
45
What is the highest common divisor of 220 and 10367?
1
Calculate the highest common divisor of 80891304 and 6.
6
What is the greatest common factor of 114829 and 40469?
143
Calculate the greatest common factor of 32256 and 1130472.
504
Calculate the greatest common divisor of 130524 and 54020.
292
What is the highest common factor of 20181 and 376509?
21
Calculate the highest common divisor of 18373626 and 81.
9
What is the greatest common factor of 910 and 71166732?
182
What is the highest common divisor of 1751 and 7675925?
17
Calculate the highest common factor of 4931362 and 6.
2
What is the highest common divisor of 347771394 and 36?
18
What is the highest common factor of 53238 and 592002?
114
What is the highest common factor of 57769376 and 448?
224
Calculate the highest common factor of 4700 and 2856550.
50
What is the highest common factor of 1803377 and 119?
17
What is the highest common divisor of 200228273 and 1358?
679
What is the highest common factor of 3194 and 38977979?
1597
What is the highest common divisor of 219105 and 611955?
405
Calculate the greatest common factor of 8315098 and 5148.
22
What is the greatest common factor of 365 and 1723603?
73
Calculate the greatest common divisor of 10 and 226723550.
10
What is the highest common factor of 1161 and 1722537?
387
What is the highest common divisor of 3966096 and 5088?
2544
Calculate the highest common factor of 7123936 and 432.
16
Calculate the greatest common divisor of 478 and 18039481.
239
What is the highest common factor of 15524 and 196945226?
7762
Calculate the highest common divisor of 39973963 and 14371.
2053
What is the greatest common divisor of 3621230 and 5858?
58
What is the highest common divisor of 30687 and 1046379?
159
Calculate the highest common divisor of 23131764 and 18.
18
What is the highest common divisor of 8526 and 177387?
21
What is the highest common factor of 62523464 and 2672?
1336
Calculate the highest common divisor of 426284 and 47144.
284
What is the highest common factor of 1288